rime number?
True
Is 121758866 a prime number?
False
Is 6850741 prime?
True
Is 18548967 composite?
True
Is 795601 composite?
False
Is 5192783 composite?
False
Is 49175545 composite?
True
Is 7229791 composite?
False
Is 14374637 composite?
False
Is 45392761 a prime number?
True
Is 114032069 composite?
False
Is 4214026 a prime number?
False
Is 23980183 composite?
True
Is 533353 a composite number?
False
Is 7710547 prime?
False
Is 14901658 prime?
False
Is 6863897 composite?
False
Is 8988367 composite?
False
Is 9874723 a prime number?
False
Is 246007483 composite?
False
Is 465876265 composite?
True
Is 2841829 a composite number?
True
Is 9835987 prime?
False
Is 267649267 prime?
False
Is 148787 prime?
False
Is 12104177 a composite number?
False
Is 344822 composite?
True
Is 136346447 composite?
False
Is 987517 a prime number?
False
Is 36380941 a composite number?
True
Is 232337851 a prime number?
True
Is 5625001 composite?
True
Is 199103 composite?
False
Is 342824881 prime?
False
Is 9994346 composite?
True
Is 576835771 a composite number?
True
Is 3818389 composite?
False
Is 15321727 composite?
False
Is 28851569 composite?
False
Is 7193419 prime?
False
Is 23882821 a prime number?
True
Is 140799 a prime number?
False
Is 7846745 a prime number?
False
Is 8686397 a composite number?
False
Is 551087611 composite?
False
Is 80271473 prime?
True
Is 53298127 composite?
False
Is 214787002 prime?
False
Is 1076813 prime?
True
Is 48466669 composite?
False
Is 7188173 a prime number?
True
Is 9274861 a composite number?
False
Is 46150823 a prime number?
True
Is 47052883 composite?
False
Is 8368541 a composite number?
True
Is 21621491 a composite number?
False
Is 213691013 composite?
True
Is 1520761 composite?
True
Is 126549799 composite?
True
Is 9730663 prime?
False
Is 259724507 a prime number?
False
Is 3683443 a prime number?
False
Is 25763999 prime?
True
Is 438335987 a composite number?
False
Is 576287 a prime number?
True
Is 29150507 a prime number?
False
Is 658039 a prime number?
False
Is 64801069 prime?
False
Is 8785289 a composite number?
True
Is 2250829 a prime number?
False
Is 1234631 prime?
False
Is 15710267 a prime number?
False
Is 25749677 composite?
True
Is 86220631 prime?
False
Is 857657 a composite number?
True
Is 1986143 a composite number?
True
Is 28419427 prime?
False
Is 923873 composite?
True
Is 1214513 prime?
False
Is 608789 prime?
True
Is 40307689 a prime number?
False
Is 21650813 prime?
True
Is 17801717 prime?
False
Is 553427753 a prime number?
True
Is 203053957 a composite number?
False
Is 45070387 a prime number?
True
Is 1001891987 a prime number?
True
Is 2125987 a composite number?
False
Is 41429987 prime?
True
Is 96046009 composite?
True
Is 1964659 a prime number?
True
Is 22418087 composite?
True
Is 1269113 a prime number?
True
Is 191802353 a composite number?
True
Is 3070289 prime?
True
Is 28993787 a prime number?
True
Is 3220369 prime?
False
Is 36063961 a composite number?
False
Is 8124254 prime?
False
Is 642997 composite?
False
Is 92639771 a composite number?
True
Is 8797711 composite?
True
Is 1488413 a composite number?
False
Is 6376003 a prime number?
False
Is 158549899 prime?
True
Is 11728601 a composite number?
False
Is 52336337 composite?
False
Is 54454139 composite?
True
Is 57906557 a prime number?
False
Is 475772471 composite?
False
Is 439165 composite?
True
Is 268727351 a composite number?
True
Is 20709809 prime?
True
Is 107855087 a composite number?
True
Is 4505845 a composite number?
True
Is 560569 prime?
False
Is 15680317 a prime number?
False
Is 21164929 composite?
False
Is 15810481 prime?
False
Is 708133043 a prime number?
True
Is 23852739 composite?
True
Is 27523081 composite?
True
Is 6874886 a prime number?
False
Is 31234337 a prime number?
True
Is 24608653 a composite number?
False
Is 5698921 a prime number?
True
Is 278489 composite?
False
Is 6556421 a composite number?
False
Is 211807009 a composite number?
False
Is 3857099 composite?
True
Is 25931 composite?
False
Is 8391677 prime?
False
Is 2715649 prime?
True
Is 48052031 prime?
False
Is 21492221 composite?
False
Is 1399883 a prime number?
True
Is 4628747 composite?
False
Is 1402231 composite?
False
Is 112929874 composite?
True
Is 335720269 composite?
True
Is 602519 a prime number?
False
Is 1244173 composite?
True
Is 24569201 a prime number?
True
Is 33930427 a prime number?
True
Is 377672813 composite?
True
Is 46469431 a prime number?
True
Is 1939667 a prime number?
False
Is 478450237 a prime number?
True
Is 1818373 prime?
True
Is 9857459 prime?
True
Is 3272681 a composite number?
False
Is 3001301 composite?
True
Is 2694313 a prime number?
False
Is 945547 composite?
False
Is 52487489 prime?
True
Is 10152139 a prime number?
True
Is 31292713 composite?
True
Is 65113259 prime?
True
Is 940289387 prime?
True
Is 173833909 a prime number?
True
Is 914867 a prime number?
True
Is 91664401 prime?
False
Is 93510313 composite?
True
Is 1360507 a composite number?
False
Is 95117713 prime?
False
Is 1793303 prime?
True
Is 13453439 prime?
False
Is 7009519 a composite number?
True
Is 133898041 prime?
False
Is 2741971 composite?
False
Is 85938089 a composite number?
True
Is 161385773 a composite number?
True
Is 16629163 prime?
True
Is 21979081 composite?
False
Is 7626023 prime?
True
Is 27938353 prime?
False
Is 936647 a composite number?
False
Is 6850939 a composite number?
True
Is 1040483 a composite number?
False
Is 1868959 composite?
True
Is 170832503 composite?
False
Is 95343041 a prime number?
False
Is 189281269 a composite number?
False
Is 350941 prime?
True
Is 356889473 prime?
True
Is 41122085 prime?
False
Is 5026493 composite?
False
Is 25427005 composite?
True
Is 153506579 composite?
False
Is 31321033 prime?
True
Is 44632057 composite?
True
Is 389723 a prime number?
True
Is 4870583 a composite number?
False
Is 157862531 prime?
True
Is 259859531 a composite number?
False
Is 50986421 a composite number?
True
Is 133785487 a composite number?
True
Is 9566513 a composite number?
True
Is 17831503 a prime number?
False
Is 2849417 prime?
False
Is 2677817 a prime number?
True
Is 31312871 a prime number?
True
Is 111479561 a prime number?
True
Is 65141639 composite?
False
Is 1841141 a composite number?
False
Is 3019333 a prime number?
True
Is 58435609 a composite number?
True
Is 56578721 prime?
True
Is 51933781 a composite number?
False
Is 1521671 prime?
True
Is 6362311 a prime number?
True
Is 31882199 a composite number?
True
Is 1317107 a composite number?
True
Is 19212202 composite?
True
Is 2942605 a prime number?
False
Is 34721437 prime?
False
Is 60469789 a composite number?
True
Is 2291213 a prime number?
True
Is 1919471 a composite number?
False
Is 101171387 a prime number?
False
Is 1051247 a composite number?
False
Is 1059953 prime?
False
Is 1749065023 a composite number?
True
Is 3137119 a composite number?
True
Is 346539 composite?
True
Is 33384077 prime?
False
Is 78771817 prime?
True
Is 24481643 prime?
True
Is 31262659 prime?
True
Is 6117689 composite?
False
Is 5347715 composite?
True
Is 8032967 composite?
False
Is 153628817 prime?
False
Is 1054591 prime?
False
Is 32317189 a prime number?
True
Is 16545047 composite?
True
Is 201043 a composite number?
True
Is 188189 prime?
True
Is 18163241 prime?
False
Is 9685723 a composite number?
False
Is 77894717 prime?
True
Is 63941053 prime?
False
Is 49823029 a prime number?
True
Is 182658271 prime?
True
Is 249389095 prime?
False
Is 5681309 prime?
True
Is 1316999 a prime number?
True
Is 3353681 a composite number?
True
Is 1456313 a prime number?
True
Is 947923 composite?
True
Is 126973855 a prime number?
False
Is 2821343 composite?
True
Is 47340149 composite?
False
Is 3934181 a prime number?
False
Is 6325897 a prime number?
False
Is 145496069 a composite number?
False
Is 1873831 a composite number?
False
Is 1241918183 a composite number?
True
Is 1368439 prime?
True
Is 13833679 a composite number?
False
Is 407166098 composite?
True
Is 46483573 prime?
True
Is 190331 a composite number?
False
Is 133856471 a composite number?
True
Is 1751209 a prime number?
False
Is 32235373 a composite number?
True
Is 58313161 composite?
False
Is 3137977 a prime number?
True
Is 67455407 a prime number?
True
Is 14037701 a prime number?
True
Is 362501719 prime?
False